alse
Is 4929225493 prime?
False
Is 5738130199 prime?
False
Is 2086804771 composite?
False
Is 299934139 a prime number?
False
Is 1265337979 prime?
False
Is 19107265973 a composite number?
False
Is 2740512193 composite?
False
Is 2420065741 prime?
True
Is 127443803 composite?
False
Is 96036300523 composite?
False
Is 14562582049 a composite number?
True
Is 15333136197 prime?
False
Is 18754537514 composite?
True
Is 36319489 prime?
True
Is 3340096831 composite?
False
Is 49095935821 prime?
False
Is 1658015609 a prime number?
True
Is 114044747 composite?
False
Is 41152900123 prime?
True
Is 647459083 a composite number?
False
Is 4085589161 a composite number?
True
Is 11004653015 prime?
False
Is 36695958667 prime?
True
Is 99466709 composite?
True
Is 13191203647 a composite number?
False
Is 11765027303 a composite number?
False
Is 4325115199 a prime number?
True
Is 8279360281 a prime number?
False
Is 6548904299 a composite number?
True
Is 50814830303 prime?
False
Is 58794955537 prime?
True
Is 1969767953 a prime number?
False
Is 577672397 composite?
False
Is 12316764091 composite?
False
Is 1114355351 a prime number?
True
Is 22135473959 a prime number?
True
Is 85013599205 composite?
True
Is 110881049 composite?
False
Is 6244676237 composite?
False
Is 4402880421 composite?
True
Is 1637198833 composite?
False
Is 21229762495 composite?
True
Is 691346289 prime?
False
Is 8052439663 a prime number?
True
Is 7323186293 a composite number?
True
Is 1713649583 composite?
True
Is 1605885167 a composite number?
False
Is 98738347 composite?
False
Is 32304496531 prime?
True
Is 223331767 a composite number?
False
Is 12680493031 prime?
True
Is 4326537203 prime?
False
Is 848365949 prime?
False
Is 233365751 a composite number?
True
Is 9514850719 a composite number?
True
Is 12111653737 prime?
False
Is 11799937187 a composite number?
False
Is 39788588585 composite?
True
Is 14568896363 prime?
False
Is 3132297667 prime?
True
Is 1349528281 a composite number?
True
Is 543490135 a composite number?
True
Is 56638104461 composite?
False
Is 1854318839 composite?
False
Is 9859312603 a prime number?
False
Is 1324717171 prime?
False
Is 65020401377 a prime number?
True
Is 20351199259 a prime number?
True
Is 131547253 a composite number?
True
Is 1074609071 composite?
False
Is 2832892301 a prime number?
True
Is 26683995407 composite?
False
Is 239816303 a prime number?
False
Is 640914641 composite?
False
Is 27909037111 prime?
True
Is 493037697 a composite number?
True
Is 1040471453 prime?
False
Is 5144807513 prime?
False
Is 888855049 a prime number?
False
Is 80491462327 composite?
False
Is 2890053379 composite?
False
Is 462745193 prime?
False
Is 9821412101 a composite number?
False
Is 19372485169 composite?
False
Is 2141859361 prime?
True
Is 57688856491 a prime number?
False
Is 16184247701 composite?
False
Is 681067357 a prime number?
True
Is 281319161 a composite number?
False
Is 735727007 composite?
True
Is 23037363403 a prime number?
True
Is 87218105111 a prime number?
True
Is 31013608219 a composite number?
True
Is 19547198123 a prime number?
False
Is 89846492189 composite?
True
Is 25528154471 a composite number?
True
Is 10229584713 a prime number?
False
Is 78179183 composite?
False
Is 7689174081 a composite number?
True
Is 34684574477 a prime number?
False
Is 2210434001 a prime number?
True
Is 6531816442 prime?
False
Is 90347239 a composite number?
False
Is 438809141 a prime number?
False
Is 37960450817 composite?
True
Is 13540172669 a composite number?
False
Is 10370217113 a prime number?
False
Is 30199930217 a prime number?
False
Is 644423603 prime?
False
Is 13203705071 a composite number?
False
Is 3081031183 a composite number?
False
Is 377457107 a prime number?
True
Is 206128751 a composite number?
False
Is 7989615037 a composite number?
True
Is 10292628719 a prime number?
False
Is 2073105179 prime?
True
Is 191344091 a composite number?
True
Is 4574543867 composite?
True
Is 20853641 composite?
False
Is 35675135983 prime?
False
Is 19913357 a prime number?
False
Is 609255037 prime?
True
Is 7775328817 a prime number?
False
Is 6626737421 composite?
False
Is 3047154067 composite?
False
Is 31354018721 composite?
False
Is 16838169793 composite?
False
Is 4641441433 a composite number?
False
Is 3206194435 a prime number?
False
Is 220414751 prime?
True
Is 197994436327 a prime number?
False
Is 10023979683 composite?
True
Is 11578045247 prime?
True
Is 15021055235 a composite number?
True
Is 32908673 a composite number?
True
Is 1985764367 a composite number?
False
Is 7320054913 a prime number?
True
Is 148805862743 a composite number?
False
Is 50689483059 a composite number?
True
Is 54772772491 prime?
True
Is 17716202165 prime?
False
Is 30118403089 a prime number?
False
Is 536241191 composite?
False
Is 12006806579 a prime number?
False
Is 6100087477 composite?
True
Is 35119065781 a composite number?
False
Is 28349721727 composite?
True
Is 280928743 a prime number?
True
Is 321723767 composite?
True
Is 1639524461 prime?
True
Is 28415488193 a composite number?
True
Is 1869035771 composite?
False
Is 258681791 a composite number?
True
Is 495356473 a composite number?
True
Is 5416823039 prime?
True
Is 55761289 a composite number?
True
Is 550776887 a composite number?
True
Is 30004073977 a composite number?
True
Is 14934811685 a prime number?
False
Is 5618365393 a composite number?
False
Is 85717831 a prime number?
True
Is 1262237497 a composite number?
True
Is 42275796447 composite?
True
Is 18871513 prime?
False
Is 34520461 composite?
True
Is 2968452983 a prime number?
False
Is 325680139 composite?
False
Is 4845502619 prime?
True
Is 44526552841 prime?
False
Is 1668495823 composite?
False
Is 78147805697 a prime number?
False
Is 883891831 prime?
False
Is 19366165919 a composite number?
False
Is 2568003211 prime?
True
Is 124976796797 a prime number?
True
Is 6034179779 a prime number?
False
Is 23343697757 a composite number?
True
Is 409006727 prime?
True
Is 6252260797 a composite number?
True
Is 5799143 prime?
False
Is 2958473545 a prime number?
False
Is 112273434563 composite?
False
Is 94437851309 composite?
True
Is 8072726159 composite?
True
Is 567696559 prime?
False
Is 2538372341 a composite number?
False
Is 34116432977 prime?
False
Is 10566785909 composite?
True
Is 2024663177 composite?
True
Is 10574111719 composite?
False
Is 18524934569 composite?
False
Is 4894819309 composite?
False
Is 681811771 a composite number?
False
Is 125970948559 a prime number?
False
Is 10985512145 a prime number?
False
Is 11266097 composite?
False
Is 2849666923 composite?
True
Is 5345714203 composite?
False
Is 147188707 composite?
True
Is 12527770519 composite?
True
Is 17630292599 prime?
True
Is 519826666 a composite number?
True
Is 68734253941 composite?
True
Is 145702169 a prime number?
False
Is 2774577083 a composite number?
True
Is 14560952899 composite?
False
Is 1043937185 composite?
True
Is 32216642989 a composite number?
False
Is 67064625539 composite?
True
Is 449334251 a prime number?
False
Is 1871179649 composite?
True
Is 2957282123 a composite number?
False
Is 49184078827 composite?
True
Is 33086778431 prime?
False
Is 258627037 a prime number?
False
Is 420254449 a composite number?
True
Is 9494765473 a prime number?
False
Is 204041042819 composite?
True
Is 3932391287 a composite number?
True
Is 4592401433 composite?
True
Is 1751458063 prime?
True
Is 15402527329 a prime number?
False
Is 245816189 a prime number?
True
Is 8432264405 prime?
False
Is 224438426063 composite?
False
Is 3526524241 prime?
False
Is 1017888557 composite?
True
Is 19308938399 a prime number?
True
Is 2198289713 composite?
False
Is 38388890501 prime?
False
Is 13232677727 prime?
True
Is 3755790139 prime?
False
Is 34755224797 a prime number?
True
Is 2936598187 composite?
False
Is 893985553 a composite number?
True
Is 1440968669 a composite number?
True
Is 21911219593 prime?
True
Is 1048854343 a prime number?
True
Is 198603967399 composite?
True
Is 9463098245 a prime number?
False
Is 10630405229 a prime number?
False
Is 1717861253 composite?
True
Is 8092012857 a prime number?
False
Is 421616509 a composite number?
True
Is 9837339779 prime?
False
Is 4262250929 prime?
True
Is 36402476507 a composite number?
True
Is 533427221 composite?
False
Is 16